{"version":"1.0","provider_name":"Yoga Karl\u00edn","provider_url":"https:\/\/yogakarlin.cz","title":"Podzimn\u00ed z\u00e1meck\u00fd retreat s Evou a Ivanou - Yoga Karl\u00edn","type":"rich","width":600,"height":338,"html":"<blockquote class=\"wp-embedded-content\"><a href=\"https:\/\/yogakarlin.cz\/nabidka\/podzimni-zamecky-retreat-s-evou-a-ivanou\/\">Podzimn\u00ed z\u00e1meck\u00fd retreat s&nbsp;Evou a&nbsp;Ivanou<\/a><\/blockquote>\n<script type='text\/javascript'>\n<!--\/\/--><![CDATA[\/\/><!--\n\t\t\/*! This file is auto-generated *\/\n\t\t!function(d,l){\"use strict\";var e=!1,n=!1;if(l.querySelector)if(d.addEventListener)e=!0;if(d.wp=d.wp||{},!d.wp.receiveEmbedMessage)if(d.wp.receiveEmbedMessage=function(e){var t=e.data;if(t)if(t.secret||t.message||t.value)if(!\/[^a-zA-Z0-9]\/.test(t.secret)){for(var r,i,a,s=l.querySelectorAll('iframe[data-secret=\"'+t.secret+'\"]'),n=l.querySelectorAll('blockquote[data-secret=\"'+t.secret+'\"]'),o=new RegExp(\"^https?:$\",\"i\"),c=0;c<n.length;c++)n[c].style.display=\"none\";for(c=0;c<s.length;c++)if(r=s[c],e.source===r.contentWindow){if(r.removeAttribute(\"style\"),\"height\"===t.message){if(1e3<(a=parseInt(t.value,10)))a=1e3;else if(~~a<200)a=200;r.height=a}if(\"link\"===t.message)if(i=l.createElement(\"a\"),a=l.createElement(\"a\"),i.href=r.getAttribute(\"src\"),a.href=t.value,o.test(a.protocol))if(a.host===i.host)if(l.activeElement===r)d.top.location.href=t.value}}},e)d.addEventListener(\"message\",d.wp.receiveEmbedMessage,!1),l.addEventListener(\"DOMContentLoaded\",t,!1),d.addEventListener(\"load\",t,!1);function t(){if(!n){n=!0;for(var e,t,r=-1!==navigator.appVersion.indexOf(\"MSIE 10\"),i=!!navigator.userAgent.match(\/Trident.*rv:11\\.\/),a=l.querySelectorAll(\"iframe.wp-embedded-content\"),s=0;s<a.length;s++){if(!(e=a[s]).getAttribute(\"data-secret\"))t=Math.random().toString(36).substr(2,10),e.src+=\"#?secret=\"+t,e.setAttribute(\"data-secret\",t);if(r||i)(t=e.cloneNode(!0)).removeAttribute(\"security\"),e.parentNode.replaceChild(t,e)}}}}(window,document);\n\/\/--><!]]>\n<\/script><iframe sandbox=\"allow-scripts\" security=\"restricted\" src=\"https:\/\/yogakarlin.cz\/nabidka\/podzimni-zamecky-retreat-s-evou-a-ivanou\/embed\/\" width=\"600\" height=\"338\" title=\"&#8222;Podzimn\u00ed z\u00e1meck\u00fd retreat s&nbsp;Evou a&nbsp;Ivanou&#8220; &#8212; Yoga Karl\u00edn\" frameborder=\"0\" marginwidth=\"0\" marginheight=\"0\" scrolling=\"no\" class=\"wp-embedded-content\"><\/iframe>","thumbnail_url":"https:\/\/yogakarlin.cz\/wp-content\/uploads\/2026\/04\/20260419_130144-scaled.jpg","thumbnail_width":2560,"thumbnail_height":1441,"description":"Dop\u0159ejte si v\u00edkend, kter\u00fd bude pat\u0159it jen v\u00e1m. Na n\u00e1dhern\u00e9m z\u00e1mku Ratm\u011b\u0159ice, pouhou hodinu od Prahy, v\u00e1s \u010dek\u00e1 spojen\u00ed v\u011bdom\u00e9ho pohybu, odpo\u010dinku a&nbsp;skute\u010dn\u00e9ho luxusu. Co v\u00e1s \u010dek\u00e1? T\u011b\u0161it se m\u016f\u017eete na dynamickou j\u00f3gu pod veden\u00edm dvou zku\u0161en\u00fdch lektorek Ivany Studen\u00e9 a&nbsp;Evy Tom\u00ed\u010dkov\u00e9, kter\u00e9 v\u00e1s provedou prax\u00ed v&nbsp;prostorn\u00e9m, sv\u011btl\u00e9m s\u00e1le. Lekce budou navr\u017een\u00e9 tak, abyste mohli [&hellip;]"}

Yoga Karlín

Podzimní zámecký retreat s Evou a Ivanou - Yoga Karlín

<blockquote class="wp-embedded-content"><a href="https://yogakarlin.cz/nabidka/podzimni-zamecky-retreat-s-evou-a-ivanou/">Podzimní zámecký retreat s&nbsp;Evou a&nbsp;Ivanou</a></blockquote>
<script type='text/javascript'>
<!--//--><![CDATA[//><!--
		/*! This file is auto-generated */
		!function(d,l){"use strict";var e=!1,n=!1;if(l.querySelector)if(d.addEventListener)e=!0;if(d.wp=d.wp||{},!d.wp.receiveEmbedMessage)if(d.wp.receiveEmbedMessage=function(e){var t=e.data;if(t)if(t.secret||t.message||t.value)if(!/[^a-zA-Z0-9]/.test(t.secret)){for(var r,i,a,s=l.querySelectorAll('iframe[data-secret="'+t.secret+'"]'),n=l.querySelectorAll('blockquote[data-secret="'+t.secret+'"]'),o=new RegExp("^https?:$","i"),c=0;c<n.length;c++)n[c].style.display="none";for(c=0;c<s.length;c++)if(r=s[c],e.source===r.contentWindow){if(r.removeAttribute("style"),"height"===t.message){if(1e3<(a=parseInt(t.value,10)))a=1e3;else if(~~a<200)a=200;r.height=a}if("link"===t.message)if(i=l.createElement("a"),a=l.createElement("a"),i.href=r.getAttribute("src"),a.href=t.value,o.test(a.protocol))if(a.host===i.host)if(l.activeElement===r)d.top.location.href=t.value}}},e)d.addEventListener("message",d.wp.receiveEmbedMessage,!1),l.addEventListener("DOMContentLoaded",t,!1),d.addEventListener("load",t,!1);function t(){if(!n){n=!0;for(var e,t,r=-1!==navigator.appVersion.indexOf("MSIE 10"),i=!!navigator.userAgent.match(/Trident.*rv:11\./),a=l.querySelectorAll("iframe.wp-embedded-content"),s=0;s<a.length;s++){if(!(e=a[s]).getAttribute("data-secret"))t=Math.random().toString(36).substr(2,10),e.src+="#?secret="+t,e.setAttribute("data-secret",t);if(r||i)(t=e.cloneNode(!0)).removeAttribute("security"),e.parentNode.replaceChild(t,e)}}}}(window,document);
//--><!]]>
</script><iframe sandbox="allow-scripts" security="restricted" src="https://yogakarlin.cz/nabidka/podzimni-zamecky-retreat-s-evou-a-ivanou/embed/" width="600" height="338" title="&#8222;Podzimní zámecký retreat s&nbsp;Evou a&nbsp;Ivanou&#8220; &#8212; Yoga Karlín" frameborder="0" marginwidth="0" marginheight="0" scrolling="no" class="wp-embedded-content"></iframe>

Dopřejte si víkend, který bude patřit jen vám. Na nádherném zámku Ratměřice, pouhou hodinu od Prahy, vás čeká spojení vědomého pohybu, odpočinku a&nbsp;skutečného luxusu. Co vás čeká? Těšit se můžete na dynamickou jógu pod vedením dvou zkušených lektorek Ivany Studené a&nbsp;Evy Tomíčkové, které vás provedou praxí v&nbsp;prostorném, světlém sále. Lekce budou navržené tak, abyste mohli [&hellip;]
